e 9, what is -40 - 1?
-41
In base 5, what is -10 + -13433?
-13443
In base 3, what is -2 + 200?
121
In base 3, what is -2211102 - 12?
-2211121
In base 3, what is -11221 + 10100?
-1121
In base 11, what is 22 - -7?
29
In base 13, what is 4 + -855?
-851
In base 3, what is -11 + -10210?
-10221
In base 9, what is 118 + -8?
110
In base 3, what is 10201100 + 1?
10201101
In base 7, what is 1 - 1044?
-1043
In base 7, what is -15 + 13?
-2
In base 4, what is -2222323 + 10?
-2222313
In base 4, what is -123 + -11?
-200
In base 16, what is -c - 3b?
-47
In base 12, what is 1a + -7?
13
In base 11, what is -4 + -43?
-47
In base 5, what is -1004 + -3?
-1012
In base 3, what is 12002 + 2?
12011
In base 12, what is 3 - 5556?
-5553
In base 3, what is -2121 - 1?
-2122
In base 2, what is -100100 - 11000110?
-11101010
In base 3, what is -10012 + -2002?
-12021
In base 5, what is -101 - -11?
-40
In base 15, what is 3 - -48?
4b
In base 6, what is -10434 - -1?
-10433
In base 12, what is -10 - 3?
-13
In base 14, what is 3 + a?
d
In base 12, what is -1 - 180?
-181
In base 15, what is 2 + 51d?
520
In base 8, what is -1 + -214?
-215
In base 13, what is 51 - -2?
53
In base 14, what is -5423 + -1?
-5424
In base 3, what is 1012021 - 22?
1011222
In base 15, what is 5d + 3a?
98
In base 15, what is 47 + 5?
4c
In base 9, what is 5 - 4431?
-4425
In base 8, what is -17 + 3?
-14
In base 8, what is 2322 - 3?
2317
In base 11, what is -1 - -4a?
49
In base 14, what is -13 - 6?
-19
In base 16, what is -4 - 769?
-76d
In base 11, what is -51 - -8?
-44
In base 15, what is a97 - -5?
a9c
In base 14, what is 5 - -d73?
d78
In base 4, what is 12 + 223020?
223032
In base 2, what is -101011001 + 1?
-101011000
In base 11, what is 16 - 69?
-53
In base 10, what is 46 - 0?
46
In base 7, what is 45 - 10?
35
In base 2, what is 10110 - 10?
10100
In base 9, what is 14 + -457?
-443
In base 8, what is 15 + 4?
21
In base 5, what is -14201 + 4?
-14142
In base 5, what is 12141 - -1?
12142
In base 10, what is -1004 - -5?
-999
In base 13, what is -2c1 + -3?
-2c4
In base 4, what is -1103 + 0?
-1103
In base 8, what is 0 + -1062?
-1062
In base 13, what is -14 + 4?
-10
In base 7, what is 2 + -23?
-21
In base 16, what is 2697 - 3?
2694
In base 2, what is -1000 - -111010?
110010
In base 12, what is 3 - -2418?
241b
In base 14, what is -d51 - -4?
-d4b
In base 5, what is 0 - 2001?
-2001
In base 10, what is 0 - -7323?
7323
In base 9, what is 2 + -10?
-7
In base 4, what is 300 - -22?
322
In base 4, what is 2101 - 12?
2023
In base 13, what is 263 - 3?
260
In base 13, what is -5 + -20?
-25
In base 5, what is -4 - 343?
-402
In base 12, what is -12a + -27?
-155
In base 4, what is -3 - -10313?
10310
In base 11, what is 677 + -6?
671
In base 14, what is 13 - -3b?
50
In base 12, what is -4 + -149?
-151
In base 5, what is 20341 - -4?
20400
In base 10, what is -458 + 11?
-447
In base 6, what is 523 - -4?
531
In base 8, what is 3 + -640?
-635
In base 15, what is 5 + 50?
55
In base 15, what is -c + 384?
377
In base 6, what is -12 + -1224?
-1240
In base 4, what is 2 - 1230?
-1222
In base 15, what is 4 + -23?
-1e
In base 10, what is -14 + -327?
-341
In base 5, what is 2 + -34?
-32
In base 12, what is -302 + -5?
-307
In base 12, what is 1 - -914?
915
In base 7, what is 34 + 104?
141
In base 14, what is 2d9 + 2?
2db
In base 5, what is 2312 - 10?
2302
In base 12, what is -183 - 0?
-183
In base 9, what is 3 + -18?
-15
In base 6, what is -13 + 1342?
1325
In base 7, what is 266 + 20?
316
In base 7, what is -2 + -415?
-420
In base 11, what is 5 + -288?
-283
In base 2, what is 1011 + 100111101?
101001000
In base 9, what is 1077 - 3?
1074
In base 3, what is 110 - 1010?
-200
In base 11, what is -772 - -3?
-76a
In base 15, what is 50 - 1?
4e
In base 7, what is 5 - -5635?
5643
In base 4, what is -221 - 1?
-222
In base 2, what is -101 + 10111000?
10110011
In base 12, what is 11 - 169?
-158
In base 15, what is -1 + -2a3?
-2a4
In base 2, what is 11101 - 101111?
-10010
In base 9, what is 6 - 48?
-42
In base 8, what is 5 - -11?
16
In base 12, what is 28 + -2?
26
In base 15, what is -3 + 21?
1d
In base 12, what is -22 - -22?
0
In base 10, what is -1241 - -5?
-1236
In base 10, what is 2586 + 4?
2590
In base 4, what is 2 - 3001?
-2333
In base 15, what is 371b - 1?
371a
In base 16, what is -d37 - -3?
-d34
In base 12, what is -47 + 2?
-45
In base 15, what is 3 - 6ab?
-6a8
In base 14, what is 23b - -b?
248
In base 9, what is 72 - -4?
76
In base 5, what is -13144 + -14?
-13213
In base 9, what is -1085 + 0?
-1085
In base 12, what is 2 - -1001?
1003
In base 7, what is -16 - -324?
305
In base 3, what is 122012 - -11?
122100
In base 4, what is 21 - -1033?
1120
In base 10, what is 1 + -172?
-171
In base 7, what is -4 - -20?
13
In base 13, what is -1 - 8?
-9
In base 10, what is -4 - 129?
-133
In base 9, what is 56041 + -5?
56035
In base 9, what is -4 - -6571?
6566
In base 9, what is -447 + -10?
-457
In base 16, what is 1 + 312?
313
In base 10, what is 3 - -361?
364
In base 9, what is 145 + -17?
127
In base 8, what is 332 - -3?
335
In base 2, what is -1001000010 - -11?
-1000111111
In base 16, what is -1 + 2d?
2c
In base 9, what is 23 + -101?
-67
In base 10, what is 5 + -975?
-970
In base 13, what is -4 - 43?
-47
In base 12, what is -5 - -53?
4a
In base 5, what is 4101 + -4?
4042
In base 5, what is -100223 + 4?
-100214
In base 14, what is -1adc + -1?
-1add
In base 7, what is 12 - -34?
46
In base 14, what is -4 + 185?
181
In base 6, what is -3 + 1355?
1352
In base 10, what is -2 - 96?
-98
In base 12, what is -1 + -4024?
-4025
In base 4, what is -31310000 + 1?
-31303333
In base 11, what is -2 + 20?
19
In base 16, what is 15b - -1e?
179
In base 7, what is 4 + 1436?
1443
In base 2, what is -11 - 1001000?
-1001011
In base 7, what is -1 + -4512?
-4513
In base 9, what is -600 + -3?
-603
In base 2, what is -100011011101 + 11?
-100011011010
In base 15, what is -38 + 2?
-36
In base 9, what is 3 - 107?
-104
In base 11, what is 3 - -105?
108
In base 3, what is -111 - -1000221?
1000110
In base 4, what is 121023 - -11?
121100
In base 16, what is 41 + -35?
c
In base 14, what is 7b + 3?
80
In base 3, what is -1 - 10?
-11
In base 4, what is 1102 - 3?
1033
In base 15, what is -ca + -2?
-cc
In base 9, what is -4 + 12?
7
In base 2, what is -1001 + 1101?
100
In base 13, what is -4a - -13?
-37
In base 5, what is -101 + 1233?
1132
In base 4, what is 102 + 223?
331
In base 9, what is 41 - 54?
-13
In base 10, what is 18 + -9?
9
In base 11, what is -18 + 0?
-18
In base 15, what is 29 + -b?
1d
In base 14, what is 501 + -5?
4da
In base 13, what is 2 + -1aa?
-1a8
In base 15, what is 2 - -26?
28
In base 10, what is 6166 - 1?
6165
In base 3, what is -12 - 1122?
-1211
In base 10, what is 94 + -5?
89
In base 15, what is -2 - b?
-d
In base 7, what is 12 - -502?
514
In base 16, what is -c8 + 12?
-b6
In base 10, what is -71 - 3?
-74
In base 8, what is 1034 + -10?
1024
In base 8, what is -5 + -733?
-740
In base 10, what is 6 + 38?
44
In base 4, what is 13010 - 0?
13010
In base 3, what is -21121 - -10?
-21111
In base 12, what is 4 + 10?
14
In base 5, what is 0 + -103013?
-103013
In base 8, what is 1245 - 20?
1225
In base 15, what is 5 - 10?
-a
In base 6, what is -32 + 3?
-25
In base 9, what is -13 + -120?
-133
In base 6, what is -142 + 133?
-5
In base 2, what is 11 + -101101110000?
-101101101101
In base 14, what is 1195 + 3?
1198
In base 7, what is -5 + 15?
10
In base 6, what is -5 + -1205?
-1214
In base 4, what is 11 + 32?
103
In base 4, what is -2 + 2?
0
In base 7, what is 111 - -5?
116
In base 2, what is 100 - -110000110111?
110000111011
In base 6, what is -23 - 1444?
-1511
In base 14, what is 207 - 3?
204
In base 15, what is 3 - -477?
47a
In base 6, what is -1 - 212?
-213
In base 3, what is 1011202 - -12?
1011221
In base 13, what is 242 - -5?
247
In base 8, what is 44 - 6?
36
In base 6, what is -32110 + 5?
-32101
In base 9, what is 0 - -35?
35
In base 16, what is 5 - 2f2?
-2ed
In base 4, what is -1310 - 1?
-1311
In base 12, what is 2 + -128?
-126
In base 14, what is 6 - -6?
c
In base 11, what is -26 - 119?
-144
In base 10, what is -690 - -5?
-685
In base 14, what is 151 - 3?
14c
In base 16, what is f - 36?
-27
In base 14, what is -1918 + -2?
-191a
In base 11, what is 14a0 - 4?
1497
In base 2, what i